3095882219 a prime number?
False
Is 131741742439 a composite number?
False
Is 57722128671 a prime number?
False
Is 3299496922 a prime number?
False
Is 2184884087 prime?
False
Is 811662997 composite?
False
Is 13364288681 prime?
True
Is 12911024531 prime?
False
Is 738677599 prime?
False
Is 134325343 a composite number?
True
Is 11566822105 prime?
False
Is 12648487809 a composite number?
True
Is 356531443 a prime number?
False
Is 2113868623 composite?
False
Is 20906547 a composite number?
True
Is 533865443 a composite number?
True
Is 3786907701 composite?
True
Is 275648239 a composite number?
True
Is 69091739401 a prime number?
False
Is 3841272187 a composite number?
True
Is 4906867513 a composite number?
True
Is 15224624113 prime?
True
Is 2591722279 composite?
True
Is 1533541337 a composite number?
False
Is 324173111 composite?
False
Is 580626947 a composite number?
True
Is 12910813787 a prime number?
True
Is 11189071 a prime number?
False
Is 6314730811 a prime number?
True
Is 2561880341 composite?
False
Is 8812882633 a prime number?
False
Is 189503383 prime?
False
Is 45521448263 a prime number?
True
Is 6189723949 a prime number?
True
Is 8350936049 a prime number?
False
Is 865643189 prime?
True
Is 490840345 a prime number?
False
Is 41185583029 a prime number?
False
Is 142615666267 prime?
True
Is 3284168333 composite?
False
Is 2540235347 a prime number?
False
Is 290474069 a prime number?
True
Is 172980912571 composite?
False
Is 100271173793 a prime number?
False
Is 159125189 composite?
True
Is 5952773471 a composite number?
True
Is 1322568361 a prime number?
False
Is 4407813673 a prime number?
False
Is 275752915453 prime?
False
Is 794859421 a composite number?
True
Is 1201339303 a composite number?
False
Is 7626303053 a prime number?
False
Is 67462739 a prime number?
True
Is 483689923 composite?
True
Is 34700781671 composite?
False
Is 1739020991 prime?
False
Is 32540878429 prime?
True
Is 1611187817 prime?
True
Is 88738457 prime?
True
Is 2662211351 a prime number?
False
Is 1581921097 composite?
False
Is 1909499521 a composite number?
True
Is 85163720003 a composite number?
False
Is 60397046 composite?
True
Is 178224497 a prime number?
False
Is 133645046 prime?
False
Is 219259673 composite?
True
Is 22888151597 a composite number?
False
Is 2758863389 prime?
False
Is 9271826969 a prime number?
False
Is 1793505127 composite?
True
Is 2927303 composite?
False
Is 834289817 prime?
True
Is 15783434419 composite?
False
Is 6810408911 composite?
True
Is 11006110754 composite?
True
Is 25913261239 prime?
False
Is 45465436979 a composite number?
True
Is 52626318743 prime?
False
Is 603290491 a prime number?
True
Is 265870483 prime?
True
Is 558299227 composite?
True
Is 22054693126 composite?
True
Is 2008091881 a composite number?
False
Is 49407300329 a composite number?
False
Is 2284491929 prime?
False
Is 21112395169 a composite number?
False
Is 68727881747 a prime number?
False
Is 17729583953 a prime number?
False
Is 225400057951 prime?
False
Is 543200531 prime?
True
Is 7693779581 composite?
False
Is 1462947649 prime?
True
Is 303220894 a composite number?
True
Is 48361265957 a composite number?
False
Is 2516680487 prime?
False
Is 68572261 a prime number?
True
Is 3051005641 prime?
False
Is 82188229 prime?
True
Is 1361436563 a composite number?
False
Is 3995062007 prime?
True
Is 6986863613 a prime number?
True
Is 599900123 composite?
False
Is 24907433303 a prime number?
True
Is 5950537093 prime?
True
Is 243143317 a prime number?
False
Is 1485293423 a prime number?
True
Is 509053409 composite?
True
Is 1741544891 composite?
False
Is 327795067 a prime number?
True
Is 1227586057 a composite number?
False
Is 1194618889 a composite number?
True
Is 5292069833 composite?
False
Is 3530459281 prime?
True
Is 25040183 a prime number?
False
Is 1737943931 a composite number?
True
Is 3885666887 a prime number?
True
Is 978580511 a prime number?
True
Is 235237152721 composite?
False
Is 1432348009 composite?
True
Is 20057335489 prime?
False
Is 20855796113 a prime number?
False
Is 1596466321 a composite number?
False
Is 4186969 a composite number?
True
Is 1166041003 prime?
False
Is 189472903 a composite number?
False
Is 7076901094 prime?
False
Is 5041445089 a composite number?
False
Is 6924308123 prime?
True
Is 2717594771 composite?
False
Is 4963233769 a prime number?
False
Is 2555546501 a prime number?
True
Is 191928083 a composite number?
False
Is 19277428441 a composite number?
True
Is 7307267971 a prime number?
False
Is 1946645293 composite?
False
Is 14384991119 a composite number?
False
Is 4133130809 prime?
True
Is 872575397 a prime number?
False
Is 2932793 composite?
False
Is 1470917191 prime?
True
Is 199035673 a prime number?
False
Is 586612657 a prime number?
True
Is 107826049 composite?
True
Is 2795106247 a composite number?
True
Is 263899837 prime?
True
Is 5168114799 a prime number?
False
Is 17057469263 a prime number?
True
Is 436620257 prime?
False
Is 100550564831 a composite number?
True
Is 19870984249 prime?
False
Is 3731725757 prime?
True
Is 12696016831 a prime number?
True
Is 1031276199 a composite number?
True
Is 493290433 prime?
False
Is 5788745173 a prime number?
True
Is 354867377 a composite number?
False
Is 48733299827 composite?
True
Is 16305734513 composite?
False
Is 3084740713 prime?
False
Is 5755109923 a composite number?
False
Is 3397956571 a composite number?
False
Is 13357293 composite?
True
Is 2559616613 a composite number?
False
Is 15667640207 a prime number?
False
Is 2307657541 prime?
False
Is 25556411 composite?
False
Is 11925761 prime?
False
Is 4534710269 composite?
True
Is 138416458 composite?
True
Is 100784153189 a prime number?
True
Is 75022349 a prime number?
False
Is 3425766979 composite?
False
Is 1584735761 prime?
False
Is 40785486866 a composite number?
True
Is 1408329301 prime?
False
Is 11360312333 composite?
False
Is 629887579 a prime number?
True
Is 4290982531 prime?
False
Is 112501229237 a prime number?
True
Is 283986943 a prime number?
False
Is 6448079993 a composite number?
True
Is 405200447 a prime number?
False
Is 124735771 prime?
False
Is 43343816393 composite?
False
Is 731272601 a composite number?
False
Is 600693221 composite?
True
Is 1743550271 a prime number?
True
Is 42006469 a composite number?
False
Is 45638701 a composite number?
False
Is 27439212191 a composite number?
True
Is 1457207047 prime?
False
Is 6600351691 a prime number?
True
Is 562542857 composite?
True
Is 34728471047 prime?
True
Is 1910009383 a prime number?
False
Is 85611006119 prime?
True
Is 8664424631 a composite number?
True
Is 198293461 a composite number?
False
Is 3553975459 composite?
False
Is 19197173477 composite?
False
Is 3796739509 prime?
False
Is 250098791 a composite number?
True
Is 3957574861 prime?
False
Is 20685536023 prime?
True
Is 24908880154 a prime number?
False
Is 6848719057 composite?
False
Is 451468613 prime?
False
Is 4434978833 a composite number?
False
Is 17466721841 composite?
False
Is 41250412051 prime?
False
Is 538589581 a prime number?
False
Is 3868157369 a prime number?
True
Is 915226943 a composite number?
True
Is 624319159 prime?
True
Is 6247919 composite?
False
Is 56273198 a prime number?
False
Is 884630809 composite?
False
Is 50575067 composite?
True
Is 956880713 a composite number?
False
Is 749252293 a composite number?
True
Is 8409435371 prime?
False
Is 9672661723 a composite number?
True
Is 18575709059 a prime number?
False
Is 1008794827 a composite number?
True
Is 274159351 a composite number?
True
Is 70072423 composite?
True
Is 11671239479 prime?
True
Is 284518489 composite?
False
Is 214948455655 a composite number?
True
Is 2649819479 a prime number?
False
Is 1836423217 a prime number?
True
Is 7565143763 a composite number?
False
Is 40356653033 a composite number?
False
Is 1824788429 a composite number?
True
Is 5507915507 a composite number?
True
Is 1214593291 composite?
True
Is 567150757 composite?
False
Is 574142531 composite?
True
Is 261521789 a prime number?
True
Is 7732268879 composite?
False
Is 15350229551 prime?
False
Is 1143178333 composite?
True
Is 3896728171 a composite number?
True
Is 380337299 prime?
True
Is 3989732177 a prime number?
False
Is 22504938998 composite?
True
Is 435616997 a composite number?
True
Is 73